{"id":2593,"date":"2026-01-05T19:05:06","date_gmt":"2026-01-05T19:05:06","guid":{"rendered":"https:\/\/sdrefocus.com\/?page_id=2593"},"modified":"2026-01-11T23:14:27","modified_gmt":"2026-01-11T23:14:27","slug":"mentions-legales-fr","status":"publish","type":"page","link":"https:\/\/sdrefocus.com\/index.php\/mentions-legales-fr\/","title":{"rendered":"Mentions l\u00e9gales"},"content":{"rendered":"\n<h1>\n\t\t\tMentions l\u00e9gales\t<\/h1>\nBienvenue sur le Site Web de SD ReFocus (le \u00ab Site \u00bb) \u00e0 l&#8217;adresse sdrefocus.com.<br \/>\nCe Site est \u00e9dit\u00e9 et h\u00e9berg\u00e9 par\u00a0:<br \/>\nSAS SD ReFocus<br \/>\n24, rue du viaduc<br \/>\n92130 Issy Les Moulineaux<br \/>\nSIREN ou RCS de 904\u00a0576 055<br \/>\nCapital social de 3000\u20ac<br \/>\nDirecteur de la publication : Patrice Corbard\nLes conditions suivantes s&#8217;appliquent \u00e0 toute personne qui acc\u00e8de et utilise le Site, les contenus et services qui y sont associ\u00e9s.<br \/>\nDans la suite de ces mentions l\u00e9gales, SAS SD ReFocus est d\u00e9nomm\u00e9e \u00ab SD ReFocus \u00bb.\n<h2>Site de SD ReFocus<\/h2>\n<p>Les informations fournies sur le Site sdrefocus.com sont uniquement destin\u00e9es \u00e0 donner un aper\u00e7u g\u00e9n\u00e9ral des services de SD ReFocus, sans pr\u00e9tendre \u00e0 l&#8217;exhaustivit\u00e9. Avant de vous baser sur les informations fournies sur ce Site, vous devez les v\u00e9rifier et\/ou les compl\u00e9ter aupr\u00e8s de SD ReFocus. SD ReFocus ne pourra \u00eatre tenue pour responsable de quelque mani\u00e8re que ce soit des cons\u00e9quences directes ou indirectes engendr\u00e9es par des pertes, des retards li\u00e9s \u00e0 l&#8217;utilisation du pr\u00e9sent Site ou \u00e0 l&#8217;impossibilit\u00e9 de l&#8217;utiliser. Sur le Site, SD ReFocus propose des liens vers d&#8217;autres Sites. SD ReFocus n&#8217;exerce aucun contr\u00f4le sur les Sites Web autres que le sien et n&#8217;assume aucune responsabilit\u00e9 concernant ces Sites ou leurs contenus.<\/p>\n<p>SD ReFocus ne garantit pas l&#8217;absence d&#8217;erreurs typographiques, d&#8217;impr\u00e9cisions ou d&#8217;inexactitudes techniques sur le Site. SD ReFocus ne garantit pas l&#8217;exactitude des informations publi\u00e9es. Il vous appartient de v\u00e9rifier aupr\u00e8s de SD ReFocus les informations avant de prendre des d\u00e9cisions relatives aux services d\u00e9crits dans le Site.<\/p>\n<h3>Protection des Donn\u00e9es Personnelles<\/h3>\n<p>SD ReFocus est attach\u00e9e au respect et \u00e0 la protection de votre vie priv\u00e9e. SD ReFocus est susceptible de collecter et traiter des donn\u00e9es \u00e0 caract\u00e8re personnel des visiteurs du Site, en tant que Responsable de Traitement, au sens de la Loi n\u00b0 78-17 du 6 janvier 1978 relative \u00e0 l&#8217;informatique, aux fichiers et aux libert\u00e9s modifi\u00e9e. Elle s&#8217;engage \u00e0 ce que les traitements de donn\u00e9es personnelles effectu\u00e9s sur sdrefocus.com soient conformes au r\u00e8glement g\u00e9n\u00e9ral sur la protection des donn\u00e9es (RGPD) et \u00e0 la loi Informatique et Libert\u00e9s en d\u00e9finissant et appliquant les mesures ad\u00e9quates afin de garantir la s\u00e9curit\u00e9 de vos donn\u00e9es personnelles.<\/p>\n<p>Les donn\u00e9es \u00e0 caract\u00e8re personnel visent toute information relative \u00e0 une personne physique identifi\u00e9e ou identifiable.<\/p>\n<p>En tant que visiteur, vous pouvez adresser un email \u00e0 SD ReFocus via le Site. Vos messages contiendront votre adresse email, ainsi que toute information compl\u00e9mentaire que vous souhaiteriez inclure dans votre message. SD ReFocus peut \u00eatre amen\u00e9e \u00e0 recevoir les donn\u00e9es personnelles suivantes : pr\u00e9nom\/nom, titre, adresse de la soci\u00e9t\u00e9, adresse email, et num\u00e9ros de t\u00e9l\u00e9phone et\/ou de fax. Nous vous demandons de ne pas nous adresser toute donn\u00e9e sensible (notamment celles relevant de l&#8217;origine raciale ou ethnique, des opinions politiques, syndicales, religieuses ou philosophiques, du dossier m\u00e9dical ou judiciaire, de l&#8217;orientation et des pratiques sexuelles ainsi que des donn\u00e9es personnelles g\u00e9n\u00e9tiques, biom\u00e9triques ou administratives permettant d&#8217;identifier une personne physique de mani\u00e8re unique et, de fa\u00e7on g\u00e9n\u00e9rale, de toute donn\u00e9es susceptibles de nuire \u00e0 un individu) lorsque vous utilisez notre Site.<\/p>\n<h3>Commentaires<\/h3>\n<p>Lorsque les visiteurs laissent des commentaires sur le site, nous collectons les donn\u00e9es affich\u00e9es dans le formulaire de commentaires, ainsi que l&#8217;adresse IP du visiteur et la cha\u00eene de l&#8217;agent utilisateur du navigateur pour aider \u00e0 la d\u00e9tection du spam.<\/p>\n<h3>Utilisation faite des donn\u00e9es<\/h3>\n<p>Les donn\u00e9es \u00e0 caract\u00e8re personnel recueillies via le Site de SD ReFocus, le sont dans le but d&#8217;assurer les services de SD ReFocus, notamment :<\/p>\n<ul>\n<li>R\u00e9pondre \u00e0 vos demandes exprim\u00e9es via les formulaires ou en utilisant les moyens de contact disponibles sur le Site de SD ReFocus;<\/li>\n<li>Vous contacter au sujet d&#8217;enqu\u00eates de satisfaction ou d&#8217;\u00e9tudes de march\u00e9 ;<\/li>\n<li>Dans un objectif commercial si vous nous y avez autoris\u00e9s ;<\/li>\n<li>D\u00e9velopper un partenariat.<\/li>\n<\/ul>\n<p>Pour chaque finalit\u00e9, les moyens de collecte, les bases l\u00e9gales de traitement, d&#8217;utilisation, de divulgation et de dur\u00e9e de conservation, peuvent varier.<\/p>\n<h3>Destinataires des donn\u00e9es<\/h3>\n<p>Afin de r\u00e9pondre au mieux \u00e0 vos demandes et besoins (par exemple s\u00e9lection de l&#8217;offre de service la mieux adapt\u00e9e, etc.), les donn\u00e9es collect\u00e9es sur le Site de SD ReFocus peuvent \u00e9ventuellement \u00eatre partag\u00e9es aux partenaires commerciaux de SD ReFocus.<\/p>\n<h3>Dur\u00e9e de conservation des donn\u00e9es<\/h3>\n<p>Sauf r\u00e9glementation sp\u00e9cifique applicable, SD ReFocus conserve les donn\u00e9es personnelles collect\u00e9es pendant la dur\u00e9e justifi\u00e9e par la finalit\u00e9 de leur traitement.<\/p>\n<h3>Exercer vos droits<\/h3>\n<p>Conform\u00e9ment au RGPD et \u00e0 la Loi Informatique et Libert\u00e9s, vous disposez d&#8217;un droit d&#8217;acc\u00e8s, de rectification, d&#8217;effacement, de limitation, d&#8217;opposition et de portabilit\u00e9 aux donn\u00e9es personnelles vous concernant.<\/p>\n<p>Pour toute information ou exercice de vos droits Informatique et Libert\u00e9s sur les traitements de donn\u00e9es personnelles g\u00e9r\u00e9s par SD ReFocus, vous pouvez contacter la soci\u00e9t\u00e9 :<\/p>\n<ul>\n<li>par courrier (avec copie de votre pi\u00e8ce d&#8217;identit\u00e9 en cas d&#8217;exercice de vos droits) \u00e0 l&#8217;adresse suivante :<br \/>\nSD ReFocus<br \/>\n\u00c0 l&#8217;attention de Patrice Corbard<br \/>\n24, rue du viaduc<br \/>\n92130 Issy Les Moulineaux<\/li>\n<\/ul>\n<p>Pour mieux conna\u00eetre vos droits ou exercer votre droit d&#8217;introduire une r\u00e9clamation, rendez-vous sur le Site de la CNIL (<a href=\"http:\/\/www.cnil.fr\/\">www.cnil.fr<\/a>).<\/p>\n<h3>Cookies<\/h3>\n<p>SD ReFocus a recours \u00e0 la technologie des \u00ab cookies \u00bb. Si vous laissez un commentaire sur notre site, vous pouvez choisir d&#8217;enregistrer votre nom, votre adresse e-mail et votre site Web dans des cookies. Ceux-ci sont pour votre commodit\u00e9 afin que vous n&#8217;ayez pas \u00e0 remplir \u00e0 nouveau vos coordonn\u00e9es lorsque vous laissez un autre commentaire. Ces cookies dureront un an.<\/p>\n<p>Si vous visitez notre page de connexion, nous d\u00e9finirons un cookie temporaire pour d\u00e9terminer si votre navigateur accepte les cookies. Ce cookie ne contient aucune donn\u00e9e personnelle et est supprim\u00e9 lorsque vous fermez votre navigateur.<\/p>\n<h2>Droit de Propri\u00e9t\u00e9 Intellectuelle<\/h2>\n<p>SD ReFocus, le Site et son contenu (propre ou celui de ses partenaires) sont prot\u00e9g\u00e9s par le droit des marques et\/ou le droit d&#8217;auteur et autres droits. L&#8217;ensemble de ces \u00e9l\u00e9ments demeure la propri\u00e9t\u00e9 exclusive de SD ReFocus ou de ses partenaires. En application des dispositions du Code de la propri\u00e9t\u00e9 intellectuelle, des dispositions l\u00e9gislatives et r\u00e9glementaires de tous pays et des conventions internationales, toute repr\u00e9sentation et\/ou reproduction, ou encore utilisation, exploitation, int\u00e9grale ou partielle, de l&#8217;un quelconque des \u00e9l\u00e9ments mentionn\u00e9s ci-dessus, faite sans le consentement pr\u00e9alable et \u00e9crit de SD ReFocus ou de ses partenaires, est interdite.<\/p>\n\n","protected":false},"excerpt":{"rendered":"<p>Mentions l\u00e9gales Bienvenue sur le Site Web de SD ReFocus (le \u00ab Site \u00bb) \u00e0 l&#8217;adresse sdrefocus.com. Ce Site est \u00e9dit\u00e9 et h\u00e9berg\u00e9 par\u00a0: SAS SD ReFocus 24, rue du viaduc 92130 Issy Les Moulineaux SIREN ou RCS de 904\u00a0576 055 Capital social de 3000\u20ac Directeur de la publication : Patrice Corbard Les conditions suivantes [&hellip;]<\/p>\n","protected":false},"author":1,"featured_media":0,"parent":0,"menu_order":0,"comment_status":"closed","ping_status":"closed","template":"","meta":{"om_disable_all_campaigns":false,"_monsterinsights_skip_tracking":false,"_monsterinsights_sitenote_active":false,"_monsterinsights_sitenote_note":"","_monsterinsights_sitenote_category":0,"site-sidebar-layout":"no-sidebar","site-content-layout":"page-builder","ast-site-content-layout":"full-width-container","site-content-style":"unboxed","site-sidebar-style":"unboxed","ast-global-header-display":"","ast-banner-title-visibility":"","ast-main-header-display":"","ast-hfb-above-header-display":"","ast-hfb-below-header-display":"","ast-hfb-mobile-header-display":"","site-post-title":"disabled","ast-breadcrumbs-content":"","ast-featured-img":"disabled","footer-sml-layout":"","theme-transparent-header-meta":"enabled","adv-header-id-meta":"","stick-header-meta":"","header-above-stick-meta":"","header-main-stick-meta":"","header-below-stick-meta":"","astra-migrate-meta-layouts":"set","ast-page-background-enabled":"default","ast-page-background-meta":{"desktop":{"background-color":"","background-image":"","background-repeat":"repeat","background-position":"center center","background-size":"auto","background-attachment":"scroll","background-type":"","background-media":"","overlay-type":"","overlay-color":"","overlay-gradient":""},"tablet":{"background-color":"","background-image":"","background-repeat":"repeat","background-position":"center center","background-size":"auto","background-attachment":"scroll","background-type":"","background-media":"","overlay-type":"","overlay-color":"","overlay-gradient":""},"mobile":{"background-color":"","background-image":"","background-repeat":"repeat","background-position":"center center","background-size":"auto","background-attachment":"scroll","background-type":"","background-media":"","overlay-type":"","overlay-color":"","overlay-gradient":""}},"ast-content-background-meta":{"desktop":{"background-color":"var(--ast-global-color-5)","background-image":"","background-repeat":"repeat","background-position":"center center","background-size":"auto","background-attachment":"scroll","background-type":"","background-media":"","overlay-type":"","overlay-color":"","overlay-gradient":""},"tablet":{"background-color":"var(--ast-global-color-5)","background-image":"","background-repeat":"repeat","background-position":"center center","background-size":"auto","background-attachment":"scroll","background-type":"","background-media":"","overlay-type":"","overlay-color":"","overlay-gradient":""},"mobile":{"background-color":"var(--ast-global-color-5)","background-image":"","background-repeat":"repeat","background-position":"center center","background-size":"auto","background-attachment":"scroll","background-type":"","background-media":"","overlay-type":"","overlay-color":"","overlay-gradient":""}},"footnotes":""},"class_list":["post-2593","page","type-page","status-publish","hentry"],"aioseo_notices":[],"jetpack_sharing_enabled":true,"_links":{"self":[{"href":"https:\/\/sdrefocus.com\/index.php\/wp-json\/wp\/v2\/pages\/2593","targetHints":{"allow":["GET"]}}],"collection":[{"href":"https:\/\/sdrefocus.com\/index.php\/wp-json\/wp\/v2\/pages"}],"about":[{"href":"https:\/\/sdrefocus.com\/index.php\/wp-json\/wp\/v2\/types\/page"}],"author":[{"embeddable":true,"href":"https:\/\/sdrefocus.com\/index.php\/wp-json\/wp\/v2\/users\/1"}],"replies":[{"embeddable":true,"href":"https:\/\/sdrefocus.com\/index.php\/wp-json\/wp\/v2\/comments?post=2593"}],"version-history":[{"count":3,"href":"https:\/\/sdrefocus.com\/index.php\/wp-json\/wp\/v2\/pages\/2593\/revisions"}],"predecessor-version":[{"id":2599,"href":"https:\/\/sdrefocus.com\/index.php\/wp-json\/wp\/v2\/pages\/2593\/revisions\/2599"}],"wp:attachment":[{"href":"https:\/\/sdrefocus.com\/index.php\/wp-json\/wp\/v2\/media?parent=2593"}],"curies":[{"name":"wp","href":"https:\/\/api.w.org\/{rel}","templated":true}]}}