{"id":2691,"date":"2026-01-08T18:51:19","date_gmt":"2026-01-08T18:51:19","guid":{"rendered":"https:\/\/sdrefocus.com\/?page_id=2691"},"modified":"2026-01-22T16:21:19","modified_gmt":"2026-01-22T16:21:19","slug":"devops-initiatives-fr","status":"publish","type":"page","link":"https:\/\/sdrefocus.com\/index.php\/devops-initiatives-fr\/","title":{"rendered":"Initiatives DevOps"},"content":{"rendered":"\n<h2>\n\t\t\tD\u00e9bloquez les facteurs cl\u00e9s de succ\u00e8s pour vos initiatives DevOps !\t<\/h2>\n<h3>\n\t\t\tLes 7 dimensions d&#8217;une initiative DevOps\t<\/h3>\n\t\t\t\t<img decoding=\"async\" src=\"https:\/\/sdrefocus.com\/wp-content\/uploads\/2026\/01\/Fig1-SD-ReFocus-Fr-7-dimensions-DevOps.png\" alt=\"Fig1 SD ReFocus Fr - 7 dimensions DevOps\" itemprop=\"image\" height=\"898\" width=\"804\" title=\"Fig1 SD ReFocus Fr - 7 dimensions DevOps\" onerror=\"this.style.display='none'\" loading=\"lazy\" \/>\n\t<p><strong>Pourquoi proposer un nouveau mod\u00e8le ? Est-ce r\u00e9inventer la roue ?<\/strong><\/p>\n<p>D\u00e8s que l&#8217;on voit un article pr\u00e9sentant un nouveau mod\u00e8le, ces questions se posent l\u00e9gitimement. Avant de concevoir ce mod\u00e8le en 7 dimensions, j&#8217;ai \u00e9tudi\u00e9 ceux propos\u00e9s par des frameworks ou des cabinets de conseil. Il en existe de nombreux \u00e9labor\u00e9s selon diff\u00e9rentes perspectives (Lean, Digital, Engineering, Leadership, Management&#8230;), chacun venant avec son vocabulaire.<\/p>\n<p>Ne trouvant pas de mod\u00e8le correspondant \u00e0 mes propres exp\u00e9riences, je me suis r\u00e9solu \u00e0 concevoir un mod\u00e8le holistique couvrant les diff\u00e9rentes facettes d&#8217;une initiative de transformation DevOps.<\/p>\n<h3>\n\t\t\tUn mod\u00e8le holistique des facettes d&#8217;une transformation DevOps\t<\/h3>\n\t<p>Le mod\u00e8le couvre \u00e0 la fois\u00a0<strong>les leviers op\u00e9rationnels (Personnes, Processus et Technologies)<\/strong>\u00a0et\u00a0<strong>les leviers manag\u00e9riaux (Organisation et Am\u00e9lioration)<\/strong>.<\/p>\n<p>Il positionne clairement le r\u00f4le cl\u00e9 du\u00a0<strong>Leadership<\/strong>\u00a0au c\u0153ur de l&#8217;impulsion d&#8217;une telle initiative, les\u00a0<strong>aspects Culturels<\/strong>\u00a0comme fondations de l&#8217;ensemble des dimensions, et les\u00a0<strong>R\u00e9sultats<\/strong>\u00a0comme guides sur lesquels aligner l&#8217;ensemble de la d\u00e9marche.<\/p>\n<p>Le mod\u00e8le r\u00e9sulte \u00e9galement de choix de repr\u00e9sentations visuelles:<\/p>\n<ul>\n<li>La forme circulaire pour symboliser une vue holistique \u00e0 360\u00b0 des dimensions\u00a0;<\/li>\n<li>La m\u00e9taphore photographique pour se focaliser sur les dimensions importantes en fonction de chaque contexte.<\/li>\n<\/ul>\n\t\t\t\t<img decoding=\"async\" src=\"https:\/\/sdrefocus.com\/wp-content\/uploads\/2026\/01\/Fig2-SD-ReFocus-Fr-7-dimensions-DevOps.png\" alt=\"Fig2 SD ReFocus Fr - 7 dimensions DevOps\" itemprop=\"image\" height=\"983\" width=\"912\" title=\"Fig2 SD ReFocus Fr - 7 dimensions DevOps\" onerror=\"this.style.display='none'\" loading=\"lazy\" \/>\n<h3>\n\t\t\tLes principes Lean pour cr\u00e9er la dynamique d&#8217;am\u00e9lioration continue\t<\/h3>\n\t<p>Si les dimensions apportent une vision holistique d&#8217;une initiative,\u00a0<strong>la cl\u00e9 du succ\u00e8s r\u00e9side dans la dynamique d&#8217;am\u00e9lioration continue !<\/strong><\/p>\n\t\t\t\t<img decoding=\"async\" src=\"https:\/\/sdrefocus.com\/wp-content\/uploads\/2026\/01\/Fig3-SD-ReFocus-Fr-7-dimensions-DevOps.png\" alt=\"Fig3 SD ReFocus Fr - 7 dimensions DevOps\" itemprop=\"image\" height=\"1032\" width=\"1163\" title=\"Fig3 SD ReFocus Fr - 7 dimensions DevOps\" onerror=\"this.style.display='none'\" loading=\"lazy\" \/>\n\t<p>Afin d&#8217;\u00e9laborer puis mettre en \u0153uvre leur vision, les leaders d&#8217;initiatives DevOps peuvent s&#8217;appuyer sur <strong>le cycle des cinq principes de la pens\u00e9e lean<\/strong> :<\/p>\n<ol>\n<li><strong>Sp\u00e9cifier la <a href=\"https:\/\/sdrefocus.com\/index.php\/value-driven\/\" target=\"_blank\" rel=\"noopener\">valeur <\/a>pour les clients<\/strong> et les r\u00e9sultats \u00e0 atteindre;<\/li>\n<li><strong>Identifier et <a href=\"https:\/\/sdrefocus.com\/index.php\/services-vsm\/\" target=\"_blank\" rel=\"noopener\">cartographier les cha\u00eenes de valeur<\/a><\/strong> impliquant de multiples fonctions de l&#8217;organisation;<\/li>\n<li><strong>Etablir un flux de travail fluide<\/strong> en am\u00e9liorant les processus, s&#8217;appuyant sur les technologies et en d\u00e9veloppant les comp\u00e9tences des \u00e9quipes;<\/li>\n<li><b>Tirer le flux \u00e0 partir de besoins r\u00e9els clients et de leur feedback<\/b>;<\/li>\n<li><strong>Progresser pas \u00e0 pas vers la perfection<\/strong>\u00a0afin que le nombre d&#8217;\u00e9tapes et le temps pour servir les clients s&#8217;am\u00e9liorent continuellement.<\/li>\n<\/ol>\n<h3>\n\t\t\tUn mod\u00e8le pour se recentrer sur ce qui compte vraiment\t<\/h3>\n\t<p>M\u00eame si elles apportent de r\u00e9els avantages, les initiatives de transformation (agilit\u00e9, DevOps\/DevSecOps, SRE, etc.) ne parviennent pas toujours \u00e0 d\u00e9montrer leurs effets sur la valeur r\u00e9alis\u00e9e par les clients et leur impact sur les r\u00e9sultats commerciaux de l&#8217;entreprise.<\/p>\n<blockquote><p><strong><em>\u00ab Notre conviction est que les acteurs des cha\u00eenes de \u00ab Software Delivery \u00bb peuvent appliquer les principes lean pour se recentrer sur ce qui compte vraiment dans leur contexte sp\u00e9cifique. \u00bb<\/em><\/strong><\/p><\/blockquote>\n<p>Deux caract\u00e9ristiques et raisons principales d&#8217;adopter une approche lean\u00a0:<\/p>\n<ul>\n<li><strong>Se focaliser sur la satisfaction client<\/strong> afin d&#8217;aligner toutes les parties prenantes sur une vision commune et les objectifs de l&#8217;entreprise;<\/li>\n<li><strong>Combiner les dimensions techniques et humaines dans une approche syst\u00e9mique<\/strong>, plut\u00f4t que de se focaliser sur la mise en \u0153uvre technologique et les optimisations locales au sein de chaque groupe sp\u00e9cialis\u00e9.<\/li>\n<\/ul>\n<p>En fonction de sa situation et de ses besoins sp\u00e9cifiques, une organisation peut avoir besoin de <strong>passer de pratiques traditionnelles \u00e0 des pratiques modernes<\/strong> de &#8220;Software Delivery&#8221;. Le tableau r\u00e9capitulatif ci-dessous pr\u00e9sente les principales tendances observ\u00e9es sur chacune des dimensions :<\/p>\n\t\t\t\t<img decoding=\"async\" src=\"https:\/\/sdrefocus.com\/wp-content\/uploads\/2026\/01\/Fig4-SD-ReFocus-Fr-7-dimensions-DevOps.png\" alt=\"Fig4 SD ReFocus Fr - 7 dimensions DevOps\" itemprop=\"image\" height=\"615\" width=\"1781\" title=\"Fig4 SD ReFocus Fr - 7 dimensions DevOps\" onerror=\"this.style.display='none'\" loading=\"lazy\" \/>\n<h3>\n\t\t\tAdopter une approche scientifique pour progresser pas \u00e0 pas\t<\/h3>\n\t<p>Il serait illusoire de penser qu&#8217;une seule dimension peut tout r\u00e9soudre ou qu&#8217;il suffit d&#8217;identifier la premi\u00e8re ou la plus importante.<\/p>\n<blockquote><p><strong><em>\u00ab Toutes les dimensions sont interconnect\u00e9es et forment un syst\u00e8me socio-technique complexe. \u00bb<\/em><\/strong><\/p><\/blockquote>\n<p>La m\u00e9thode pour r\u00e9duire cette complexit\u00e9 est d&#8217;avancer par petits pas, poser des hypoth\u00e8ses, traiter un probl\u00e8me \u00e0 la fois, mesurer les r\u00e9sultats et les confronter \u00e0 l&#8217;hypoth\u00e8se de d\u00e9part, c&#8217;est-\u00e0-dire\u00a0<strong>adopter une approche scientifique de r\u00e9solution de probl\u00e8me<\/strong>.<\/p>\n<h3>\n\t\t\tConclusion\t<\/h3>\n\tCe mod\u00e8le a \u00e9t\u00e9 d\u00e9velopp\u00e9 faute de trouver une description des dimensions v\u00e9cues sur des initiatives DevOps.<br \/>\nSi jamais vous avez connaissance d&#8217;autres mod\u00e8les \u00e9quivalents, n&#8217;h\u00e9sitez-pas \u00e0 les indiquer en commentaires ou \u00e0 me contacter (pcorbard@sdrefocus.com).\n<p>Cet exercice de mod\u00e9lisation a \u00e9galement le m\u00e9rite d&#8217;aider \u00e0 clarifier l&#8217;approche visant \u00e0 aider les clients de SD ReFocus dans leurs <a href=\"https:\/\/sdrefocus.com\/index.php\/devops-services-fr\/\" target=\"_blank\" rel=\"noopener\"><strong>initiatives<\/strong><\/a>.\u00a0Le mod\u00e8le a d\u00e9j\u00e0 \u00e9volu\u00e9 et continuera probablement de le faire avec l&#8217;utilisation, les feedbacks et nos disciplines.<\/p>\n<p>Enfin, ce mod\u00e8le semble suffisamment g\u00e9n\u00e9rique pour pouvoir \u00eatre appliqu\u00e9 \u00e0 d&#8217;autres initiatives de transformation.<\/p>\n\n","protected":false},"excerpt":{"rendered":"<p>D\u00e9bloquez les facteurs cl\u00e9s de succ\u00e8s pour vos initiatives DevOps ! Les 7 dimensions d&#8217;une initiative DevOps Pourquoi proposer un nouveau mod\u00e8le ? Est-ce r\u00e9inventer la roue ? D\u00e8s que l&#8217;on voit un article pr\u00e9sentant un nouveau mod\u00e8le, ces questions se posent l\u00e9gitimement. Avant de concevoir ce mod\u00e8le en 7 dimensions, j&#8217;ai \u00e9tudi\u00e9 ceux propos\u00e9s [&hellip;]<\/p>\n","protected":false},"author":1,"featured_media":0,"parent":0,"menu_order":0,"comment_status":"closed","ping_status":"closed","template":"","meta":{"om_disable_all_campaigns":false,"_monsterinsights_skip_tracking":false,"_monsterinsights_sitenote_active":false,"_monsterinsights_sitenote_note":"","_monsterinsights_sitenote_category":0,"site-sidebar-layout":"no-sidebar","site-content-layout":"page-builder","ast-site-content-layout":"full-width-container","site-content-style":"unboxed","site-sidebar-style":"unboxed","ast-global-header-display":"","ast-banner-title-visibility":"","ast-main-header-display":"","ast-hfb-above-header-display":"","ast-hfb-below-header-display":"","ast-hfb-mobile-header-display":"","site-post-title":"disabled","ast-breadcrumbs-content":"","ast-featured-img":"disabled","footer-sml-layout":"","theme-transparent-header-meta":"enabled","adv-header-id-meta":"","stick-header-meta":"","header-above-stick-meta":"","header-main-stick-meta":"","header-below-stick-meta":"","astra-migrate-meta-layouts":"set","ast-page-background-enabled":"default","ast-page-background-meta":{"desktop":{"background-color":"","background-image":"","background-repeat":"repeat","background-position":"center center","background-size":"auto","background-attachment":"scroll","background-type":"","background-media":"","overlay-type":"","overlay-color":"","overlay-gradient":""},"tablet":{"background-color":"","background-image":"","background-repeat":"repeat","background-position":"center center","background-size":"auto","background-attachment":"scroll","background-type":"","background-media":"","overlay-type":"","overlay-color":"","overlay-gradient":""},"mobile":{"background-color":"","background-image":"","background-repeat":"repeat","background-position":"center center","background-size":"auto","background-attachment":"scroll","background-type":"","background-media":"","overlay-type":"","overlay-color":"","overlay-gradient":""}},"ast-content-background-meta":{"desktop":{"background-color":"var(--ast-global-color-5)","background-image":"","background-repeat":"repeat","background-position":"center center","background-size":"auto","background-attachment":"scroll","background-type":"","background-media":"","overlay-type":"","overlay-color":"","overlay-gradient":""},"tablet":{"background-color":"var(--ast-global-color-5)","background-image":"","background-repeat":"repeat","background-position":"center center","background-size":"auto","background-attachment":"scroll","background-type":"","background-media":"","overlay-type":"","overlay-color":"","overlay-gradient":""},"mobile":{"background-color":"var(--ast-global-color-5)","background-image":"","background-repeat":"repeat","background-position":"center center","background-size":"auto","background-attachment":"scroll","background-type":"","background-media":"","overlay-type":"","overlay-color":"","overlay-gradient":""}},"footnotes":""},"class_list":["post-2691","page","type-page","status-publish","hentry"],"aioseo_notices":[],"jetpack_sharing_enabled":true,"_links":{"self":[{"href":"https:\/\/sdrefocus.com\/index.php\/wp-json\/wp\/v2\/pages\/2691","targetHints":{"allow":["GET"]}}],"collection":[{"href":"https:\/\/sdrefocus.com\/index.php\/wp-json\/wp\/v2\/pages"}],"about":[{"href":"https:\/\/sdrefocus.com\/index.php\/wp-json\/wp\/v2\/types\/page"}],"author":[{"embeddable":true,"href":"https:\/\/sdrefocus.com\/index.php\/wp-json\/wp\/v2\/users\/1"}],"replies":[{"embeddable":true,"href":"https:\/\/sdrefocus.com\/index.php\/wp-json\/wp\/v2\/comments?post=2691"}],"version-history":[{"count":8,"href":"https:\/\/sdrefocus.com\/index.php\/wp-json\/wp\/v2\/pages\/2691\/revisions"}],"predecessor-version":[{"id":3069,"href":"https:\/\/sdrefocus.com\/index.php\/wp-json\/wp\/v2\/pages\/2691\/revisions\/3069"}],"wp:attachment":[{"href":"https:\/\/sdrefocus.com\/index.php\/wp-json\/wp\/v2\/media?parent=2691"}],"curies":[{"name":"wp","href":"https:\/\/api.w.org\/{rel}","templated":true}]}}