{"id":2997,"date":"2026-01-20T17:53:51","date_gmt":"2026-01-20T17:53:51","guid":{"rendered":"https:\/\/sdrefocus.com\/?page_id=2997"},"modified":"2026-01-22T16:16:53","modified_gmt":"2026-01-22T16:16:53","slug":"services-fr","status":"publish","type":"page","link":"https:\/\/sdrefocus.com\/index.php\/services-fr\/","title":{"rendered":"Nos Services"},"content":{"rendered":"\n<h1>\n\t\t\tNos Services\t<\/h1>\n\t<p><strong>Que vous soyez responsable produit, ing\u00e9nierie ou transformation, nous pouvons vous aider \u00e0 relever diff\u00e9rents d\u00e9fis :<\/strong><\/p>\n<ul>\n<li>Aligner les leaders et les \u00e9quipes autour d&#8217;objectifs strat\u00e9giques et de r\u00e9sultats clairs.<\/li>\n<li>Constituer des \u00e9quipes et des plateformes hautement performantes.<\/li>\n<li>Favoriser l&#8217;engagement et le d\u00e9veloppement des \u00e9quipes.<\/li>\n<li>D\u00e9velopper les comp\u00e9tences et les opportunit\u00e9s d&#8217;\u00e9volution de carri\u00e8re.<\/li>\n<li>Faire \u00e9voluer la culture de l&#8217;entreprise ou de l&#8217;\u00e9quipe.<\/li>\n<li>Promouvoir l&#8217;adoption de pratiques modernes.<\/li>\n<\/ul>\n<p><strong>De nombreuses organisations souffrent encore d&#8217;un d\u00e9salignement dans leurs priorit\u00e9s, d&#8217;attentes floues en terme de valeur client et de crit\u00e8res de r\u00e9ussite, tandis que la pression s&#8217;intensifie sur des \u00e9quipes surcharg\u00e9es pour qu&#8217;elles fournissent des r\u00e9sultats toujours plus rapides et de meilleure qualit\u00e9.<\/strong><\/p>\n<p>&nbsp;<\/p>\n<p><strong>Nos services sont adapt\u00e9s \u00e0 votre contexte sp\u00e9cifique et s&#8217;appuient sur des pratiques \u00e9prouv\u00e9es pour relever les principaux d\u00e9fis mentionn\u00e9s ci-dessus. Ils sont con\u00e7us autour des \u00e9l\u00e9ments suivants :<\/strong><\/p>\n<ul>\n<li>des <a href=\"https:\/\/sdrefocus.com\/index.php\/approche\/\" target=\"_blank\" rel=\"noopener\"><strong>approches<\/strong><\/a> collaboratives, centr\u00e9es sur l&#8217;humain et ax\u00e9es sur la valeur ;<\/li>\n<li>l&#8217;identification et la r\u00e9solution rapides des frictions et des contraintes syst\u00e9miques ;<\/li>\n<li>la prise en compte des diff\u00e9rents <a href=\"https:\/\/sdrefocus.com\/index.php\/devops-initiatives-fr\/\" target=\"_blank\" rel=\"noopener\"><strong>facteurs<\/strong><\/a> pouvant influencer les performances de l&#8217;\u00e9quipe ;<\/li>\n<li>le d\u00e9veloppement progressif des comp\u00e9tences de vos \u00e9quipes jusqu&#8217;\u00e0 ce qu&#8217;elles puissent appliquer les pratiques de mani\u00e8re autonome.<\/li>\n<\/ul>\n<p><strong>Dans l&#8217;ensemble, nos services aident les organisations et les \u00e9quipes \u00e0 recentrer leurs activit\u00e9s ou leurs efforts d&#8217;am\u00e9lioration sur ce qui compte le plus dans leur contexte.<\/strong><\/p>\n<p>Ils s&#8217;appuient sur l&#8217;expertise acquise au fil des ans aupr\u00e8s de nombreuses organisations de tailles et de secteurs vari\u00e9s, sur le succ\u00e8s d&#8217;<a href=\"https:\/\/sdrefocus.com\/index.php\/services-vsm\/\" target=\"_blank\" rel=\"noopener\"><strong>ateliers collaboratifs de cartographie de la cha\u00eene de valeur (VSM)<\/strong><\/a>, sur des diagnostics <a href=\"https:\/\/sdrefocus.com\/index.php\/devops-services-fr\/\" target=\"_blank\" rel=\"noopener\"><strong>DevOps<\/strong><\/a> holistiques et sur l&#8217;accompagnement d&#8217;initiatives de transformation DevOps.<\/p>\n<p>Enfin, nos expertises reconnues et <a href=\"https:\/\/sdrefocus.com\/index.php\/services-formation\/\" target=\"_blank\" rel=\"noopener\"><strong>services de formation<\/strong><\/a> constituent un atout pr\u00e9cieux pour sensibiliser et d\u00e9velopper les comp\u00e9tences des dirigeants, des leaders et des \u00e9quipes.<\/p>\n\t<p><strong>Nous recommandons des approches structur\u00e9es, mais sommes avant tout flexibles et d\u00e9sireux de d\u00e9finir avec vous des services adapt\u00e9s \u00e0 votre contexte et \u00e0 vos contraintes.<\/strong><\/p>\n\t\t\t<a href=\"https:\/\/sdrefocus.com\/index.php\/contact\/\" target=\"_self\">\n\t\t\t\t\t\tDiscutons-en !\n\t\t\t\t\t<\/a>\n<h3>\n\t\t\tLiens\t<\/h3>\n\t<ul>\n<li><strong>Services VSM : <\/strong><strong><a href=\"https:\/\/sdrefocus.com\/index.php\/services-vsm\/\" target=\"_blank\" rel=\"noopener\">Ateliers l\u00e9gers de Value Stream Mapping pour \u00e9quipes digitales<\/a><\/strong><\/li>\n<li><strong>Services DevOps : <\/strong><strong><a href=\"https:\/\/sdrefocus.com\/index.php\/devops-services-fr\/\" target=\"_blank\" rel=\"noopener\">Conseil et coaching personnalis\u00e9s pour leaders et \u00e9quipes DevOps<\/a><\/strong><\/li>\n<li><strong>Services de Formation :<\/strong> <strong><a href=\"https:\/\/sdrefocus.com\/index.php\/services-formation\/\" target=\"_blank\" rel=\"noopener\">Ateliers pratiques et cours certifiant pour dirigeants, leaders et \u00e9quipes<\/a><\/strong><\/li>\n<\/ul>\n\n","protected":false},"excerpt":{"rendered":"<p>Nos Services Que vous soyez responsable produit, ing\u00e9nierie ou transformation, nous pouvons vous aider \u00e0 relever diff\u00e9rents d\u00e9fis : Aligner les leaders et les \u00e9quipes autour d&#8217;objectifs strat\u00e9giques et de r\u00e9sultats clairs. Constituer des \u00e9quipes et des plateformes hautement performantes. Favoriser l&#8217;engagement et le d\u00e9veloppement des \u00e9quipes. D\u00e9velopper les comp\u00e9tences et les opportunit\u00e9s d&#8217;\u00e9volution de [&hellip;]<\/p>\n","protected":false},"author":1,"featured_media":0,"parent":0,"menu_order":0,"comment_status":"closed","ping_status":"closed","template":"","meta":{"om_disable_all_campaigns":false,"_monsterinsights_skip_tracking":false,"_monsterinsights_sitenote_active":false,"_monsterinsights_sitenote_note":"","_monsterinsights_sitenote_category":0,"site-sidebar-layout":"no-sidebar","site-content-layout":"page-builder","ast-site-content-layout":"full-width-container","site-content-style":"unboxed","site-sidebar-style":"unboxed","ast-global-header-display":"","ast-banner-title-visibility":"","ast-main-header-display":"","ast-hfb-above-header-display":"","ast-hfb-below-header-display":"","ast-hfb-mobile-header-display":"","site-post-title":"disabled","ast-breadcrumbs-content":"","ast-featured-img":"disabled","footer-sml-layout":"","theme-transparent-header-meta":"enabled","adv-header-id-meta":"","stick-header-meta":"","header-above-stick-meta":"","header-main-stick-meta":"","header-below-stick-meta":"","astra-migrate-meta-layouts":"set","ast-page-background-enabled":"default","ast-page-background-meta":{"desktop":{"background-color":"","background-image":"","background-repeat":"repeat","background-position":"center center","background-size":"auto","background-attachment":"scroll","background-type":"","background-media":"","overlay-type":"","overlay-color":"","overlay-gradient":""},"tablet":{"background-color":"","background-image":"","background-repeat":"repeat","background-position":"center center","background-size":"auto","background-attachment":"scroll","background-type":"","background-media":"","overlay-type":"","overlay-color":"","overlay-gradient":""},"mobile":{"background-color":"","background-image":"","background-repeat":"repeat","background-position":"center center","background-size":"auto","background-attachment":"scroll","background-type":"","background-media":"","overlay-type":"","overlay-color":"","overlay-gradient":""}},"ast-content-background-meta":{"desktop":{"background-color":"var(--ast-global-color-5)","background-image":"","background-repeat":"repeat","background-position":"center center","background-size":"auto","background-attachment":"scroll","background-type":"","background-media":"","overlay-type":"","overlay-color":"","overlay-gradient":""},"tablet":{"background-color":"var(--ast-global-color-5)","background-image":"","background-repeat":"repeat","background-position":"center center","background-size":"auto","background-attachment":"scroll","background-type":"","background-media":"","overlay-type":"","overlay-color":"","overlay-gradient":""},"mobile":{"background-color":"var(--ast-global-color-5)","background-image":"","background-repeat":"repeat","background-position":"center center","background-size":"auto","background-attachment":"scroll","background-type":"","background-media":"","overlay-type":"","overlay-color":"","overlay-gradient":""}},"footnotes":""},"class_list":["post-2997","page","type-page","status-publish","hentry"],"aioseo_notices":[],"jetpack_sharing_enabled":true,"_links":{"self":[{"href":"https:\/\/sdrefocus.com\/index.php\/wp-json\/wp\/v2\/pages\/2997","targetHints":{"allow":["GET"]}}],"collection":[{"href":"https:\/\/sdrefocus.com\/index.php\/wp-json\/wp\/v2\/pages"}],"about":[{"href":"https:\/\/sdrefocus.com\/index.php\/wp-json\/wp\/v2\/types\/page"}],"author":[{"embeddable":true,"href":"https:\/\/sdrefocus.com\/index.php\/wp-json\/wp\/v2\/users\/1"}],"replies":[{"embeddable":true,"href":"https:\/\/sdrefocus.com\/index.php\/wp-json\/wp\/v2\/comments?post=2997"}],"version-history":[{"count":5,"href":"https:\/\/sdrefocus.com\/index.php\/wp-json\/wp\/v2\/pages\/2997\/revisions"}],"predecessor-version":[{"id":3067,"href":"https:\/\/sdrefocus.com\/index.php\/wp-json\/wp\/v2\/pages\/2997\/revisions\/3067"}],"wp:attachment":[{"href":"https:\/\/sdrefocus.com\/index.php\/wp-json\/wp\/v2\/media?parent=2997"}],"curies":[{"name":"wp","href":"https:\/\/api.w.org\/{rel}","templated":true}]}}